{"id":8,"date":"2019-10-11T18:23:41","date_gmt":"2019-10-11T18:23:41","guid":{"rendered":"https:\/\/kleinzeller-hinteralm.at\/?page_id=8"},"modified":"2025-09-18T18:55:07","modified_gmt":"2025-09-18T16:55:07","slug":"startseite","status":"publish","type":"page","link":"https:\/\/kleinzeller-hinteralm.at\/","title":{"rendered":"Startseite"},"content":{"rendered":"\r\n<p>&nbsp;<\/p>\r\n\r\n<h1 class=\"wp-block-heading\"><strong>Saisonende 5.10.2025<\/strong><\/h1>\r\n<h1><img loading=\"lazy\" decoding=\"async\" class=\"alignnone wp-image-517 size-full\" src=\"https:\/\/kleinzeller-hinteralm.at\/wp-content\/uploads\/2025\/09\/SaisonEnde_2025.jpg\" alt=\"\" width=\"1080\" height=\"1139\" srcset=\"https:\/\/kleinzeller-hinteralm.at\/wp-content\/uploads\/2025\/09\/SaisonEnde_2025.jpg 1080w, https:\/\/kleinzeller-hinteralm.at\/wp-content\/uploads\/2025\/09\/SaisonEnde_2025-284x300.jpg 284w, https:\/\/kleinzeller-hinteralm.at\/wp-content\/uploads\/2025\/09\/SaisonEnde_2025-971x1024.jpg 971w, https:\/\/kleinzeller-hinteralm.at\/wp-content\/uploads\/2025\/09\/SaisonEnde_2025-768x810.jpg 768w\" sizes=\"auto, (max-width: 767px) 89vw, (max-width: 1000px) 54vw, (max-width: 1071px) 543px, 580px\" \/><\/h1>\r\n<p>(die Blasmusi gibt&#8217;s nat\u00fcrlich nur bei Sch\u00f6nwetter)<\/p>\r\n<hr>\r\n<h1 class=\"wp-block-heading\"><strong>Alm-Saisoner\u00f6ffnung 2025<\/strong><\/h1>\r\n<p>\r\n\r\n<\/p>\r\n<p>Wir starten heuer am 13.5.2024 mit der Bewirtung der Almh\u00fctte zu den gewohnten \u00d6ffnungszeiten.<\/p>\r\n<p>\r\n\r\n<\/p>\r\n<p>Ich und das Alm-Team freuen uns wieder auf deinen Besuch<\/p>\r\n<hr>\r\n<h1>Saisonende 2024<\/h1>\r\n<h5>Da Summa is aus<br>I muass obe ins Tal<br>Pfiatigott sch\u00f6ne Alma<br>Pfiatigott tausendmal&#8230;<\/h5>\r\n<p>Mit diesem bekannten Liedertext geht dieses Wochenende (29.9.2024) de Almsaison auf der Kleinzeller Hinteralm zu Ende.<\/p>\r\n<p>Leider m\u00fcssen wir Wetterbedingt den geplanten Auftritt der Kleinzeller Musikkapelle absagen.<\/p>\r\n<p>Ich m\u00f6chte mich ganz herzlich f\u00fcr eure Besuche auf der Alm bedanken. Danke auch an alle Stammg\u00e4ste, die mich immer wieder besuchen.<\/p>\r\n<p>Wir sind dann Mitte Mai 2025 wieder auf der Alm.<\/p>\r\n<p>Ganz liebe Gr\u00fc\u00dfe&nbsp;<br>Eure Hoiderinn Margit<\/p>\r\n<hr>\r\n<h1>Jakobifest 21.7.2024<\/h1>\r\n\r\n<p>&nbsp;<\/p>\r\n\r\n<p>&nbsp;<\/p>\r\nngg_shortcode_0_placeholder\r\n<p>&nbsp;<\/p>\r\n<hr>\r\n<h1 class=\"wp-block-heading\"><strong>Hollerschnapszuzler am 8.6.2024<\/strong><\/h1>\r\n<h1><img loading=\"lazy\" decoding=\"async\" class=\"size-medium wp-image-430 aligncenter\" src=\"https:\/\/kleinzeller-hinteralm.at\/wp-content\/uploads\/2024\/05\/WhatsApp-Image-2024-05-26-at-19.14.23-300x291.jpeg\" alt=\"\" width=\"300\" height=\"291\" srcset=\"https:\/\/kleinzeller-hinteralm.at\/wp-content\/uploads\/2024\/05\/WhatsApp-Image-2024-05-26-at-19.14.23-300x291.jpeg 300w, https:\/\/kleinzeller-hinteralm.at\/wp-content\/uploads\/2024\/05\/WhatsApp-Image-2024-05-26-at-19.14.23-1024x992.jpeg 1024w, https:\/\/kleinzeller-hinteralm.at\/wp-content\/uploads\/2024\/05\/WhatsApp-Image-2024-05-26-at-19.14.23-768x744.jpeg 768w, https:\/\/kleinzeller-hinteralm.at\/wp-content\/uploads\/2024\/05\/WhatsApp-Image-2024-05-26-at-19.14.23-1536x1488.jpeg 1536w, https:\/\/kleinzeller-hinteralm.at\/wp-content\/uploads\/2024\/05\/WhatsApp-Image-2024-05-26-at-19.14.23.jpeg 1600w\" sizes=\"auto, (max-width: 300px) 100vw, 300px\" \/><\/h1>\r\n<h1 class=\"wp-block-heading\"><strong>Saisoner\u00f6ffnung 2024<\/strong><\/h1>\r\n<p>\r\n\r\n<\/p>\r\n<p>Wir starten heuer am 14.5.2024 mit der Bewirtung der Almh\u00fctte zu den gewohnten \u00d6ffnungszeiten.<\/p>\r\n<p>\r\n\r\n<\/p>\r\n<p>Ich und das Alm-Team freuen uns wieder auf deinen Besuch<\/p>\r\n<hr>\r\n<p><mark class=\"has-inline-color has-vivid-cyan-blue-color\" style=\"background-color: rgba(0, 0, 0, 0);\"><b>ALMABTRIEB: &#8211; am 23. September 2023 ist es wieder Zeit f\u00fcr die Almk\u00fche nach Hause zu gehen.&nbsp; Als heuriges Highlight sorgen die St. Veiter5xang f\u00fcr Unterhaltung.<\/b><\/mark><\/p>\r\n<p><img loading=\"lazy\" decoding=\"async\" class=\"size-medium wp-image-417 aligncenter\" src=\"https:\/\/kleinzeller-hinteralm.at\/wp-content\/uploads\/2023\/09\/2023_Alm_Abdrieb-300x300.jpg\" alt=\"\" width=\"300\" height=\"300\" srcset=\"https:\/\/kleinzeller-hinteralm.at\/wp-content\/uploads\/2023\/09\/2023_Alm_Abdrieb-300x300.jpg 300w, https:\/\/kleinzeller-hinteralm.at\/wp-content\/uploads\/2023\/09\/2023_Alm_Abdrieb-1024x1024.jpg 1024w, https:\/\/kleinzeller-hinteralm.at\/wp-content\/uploads\/2023\/09\/2023_Alm_Abdrieb-150x150.jpg 150w, https:\/\/kleinzeller-hinteralm.at\/wp-content\/uploads\/2023\/09\/2023_Alm_Abdrieb-768x768.jpg 768w, https:\/\/kleinzeller-hinteralm.at\/wp-content\/uploads\/2023\/09\/2023_Alm_Abdrieb-1536x1536.jpg 1536w, https:\/\/kleinzeller-hinteralm.at\/wp-content\/uploads\/2023\/09\/2023_Alm_Abdrieb-100x100.jpg 100w, https:\/\/kleinzeller-hinteralm.at\/wp-content\/uploads\/2023\/09\/2023_Alm_Abdrieb.jpg 2048w\" sizes=\"auto, (max-width: 300px) 100vw, 300px\" \/><img loading=\"lazy\" decoding=\"async\" class=\"size-medium wp-image-418 aligncenter\" src=\"https:\/\/kleinzeller-hinteralm.at\/wp-content\/uploads\/2023\/09\/2023_alm_Jaga5xang-169x300.jpg\" alt=\"\" width=\"169\" height=\"300\" srcset=\"https:\/\/kleinzeller-hinteralm.at\/wp-content\/uploads\/2023\/09\/2023_alm_Jaga5xang-169x300.jpg 169w, https:\/\/kleinzeller-hinteralm.at\/wp-content\/uploads\/2023\/09\/2023_alm_Jaga5xang.jpg 377w\" sizes=\"auto, (max-width: 169px) 100vw, 169px\" \/><\/p>\r\n<p><mark class=\"has-inline-color has-vivid-cyan-blue-color\" style=\"background-color: rgba(0, 0, 0, 0);\"><b>SAISONENDE: Die Alm ist noch bis 1. Oktober ge\u00f6ffnet. Heuer mit der Kleinzeller Blasmusikkapelle ab 11 Uhr.&nbsp;<\/b><\/mark><\/p>\r\n<p>\r\n\r\n<\/p>\r\n\r\n<p>&nbsp;<\/p>\r\n\r\n<figure class=\"wp-block-image size-large\"><img loading=\"lazy\" decoding=\"async\" class=\"size-medium wp-image-416 aligncenter\" src=\"https:\/\/kleinzeller-hinteralm.at\/wp-content\/uploads\/2023\/09\/2023_Alm_Ende-300x300.jpg\" alt=\"\" width=\"300\" height=\"300\" srcset=\"https:\/\/kleinzeller-hinteralm.at\/wp-content\/uploads\/2023\/09\/2023_Alm_Ende-300x300.jpg 300w, https:\/\/kleinzeller-hinteralm.at\/wp-content\/uploads\/2023\/09\/2023_Alm_Ende-1024x1024.jpg 1024w, https:\/\/kleinzeller-hinteralm.at\/wp-content\/uploads\/2023\/09\/2023_Alm_Ende-150x150.jpg 150w, https:\/\/kleinzeller-hinteralm.at\/wp-content\/uploads\/2023\/09\/2023_Alm_Ende-768x768.jpg 768w, https:\/\/kleinzeller-hinteralm.at\/wp-content\/uploads\/2023\/09\/2023_Alm_Ende-1536x1536.jpg 1536w, https:\/\/kleinzeller-hinteralm.at\/wp-content\/uploads\/2023\/09\/2023_Alm_Ende-100x100.jpg 100w, https:\/\/kleinzeller-hinteralm.at\/wp-content\/uploads\/2023\/09\/2023_Alm_Ende.jpg 2048w\" sizes=\"auto, (max-width: 300px) 100vw, 300px\" \/><\/figure>\r\n<p><mark class=\"has-inline-color has-vivid-cyan-blue-color\" style=\"background-color: rgba(0, 0, 0, 0);\"><b>Zu Saisonende m\u00f6chte sich die Hoiderin Margit und ihr Team bei allen Stammg\u00e4sten und auch neu gewonnenen G\u00e4ste bedanken bzw. freut sich schon jetzt auf die n\u00e4chste Saison bzw. auf ein Wiedersehen.<\/b><\/mark><\/p>\r\n<h1 class=\"wp-block-heading\"><strong>Saisoner\u00f6ffnung 2023<\/strong><\/h1>\r\n\r\n<p>&nbsp;<\/p>\r\n\r\n<p>Wir starten heuer am 16.5.2023 mit der Bewirtung der Almh\u00fctte zu den gewohnten \u00d6ffnungszeiten.<\/p>\r\n\r\n<p>&nbsp;<\/p>\r\n\r\n<p>Ich und das Alm-Team freuen uns auf dein Kommen.<\/p>\r\n\r\n<p>&nbsp;<\/p>\r\n\r\n<p>&nbsp;<\/p>\r\n\r\n<h1 style=\"text-align: left;\"><strong>Winterpause 2022\/23<\/strong><\/h1>\r\n<p>Es ist wieder mal soweit &#8211; die Almk\u00fche sind im Tal und die Kleinzeller Hinteralm geht ab 3.10.2022 in die Winterpause.<\/p>\r\n<p>Ich freue mich schon jetzt auf die neue Saison 2023<br>Eure Holterin Margit und ihr Team&nbsp;<\/p>\r\n<hr>\r\n<p>&nbsp;<\/p>\r\n<h1 style=\"text-align: left;\"><strong>Almabtrieb 2022 auf da Kleinzeller Hinteralm<\/strong><\/h1>\r\n<p>am 24.9.2022 ab 10 Uhr ist es wieder einmal soweit &#8211; die Almk\u00fche kommen wieder ins Tal. F\u00fcr die Unterhaltung ist gesorgt.<\/p>\r\n<p>Die Almh\u00fctte ist aber noch bis 2.10.2022 ge\u00f6ffnet und geht dann in den Winterschlaf.&nbsp;<\/p>\r\n<p style=\"text-align: center;\">Auf euer Kommen freuen sich die Almbauern<\/p>\r\n<hr>\r\n<p>Alle, die schon mal auf der Kleinzeller Hinteralm waren, kommen wieder \ud83d\ude42 Falls du die Alm noch nicht kennst &#8211; vom Ebenwaldparkplatz ist es nicht mal 1h zu Fu\u00df \u00fcber die Forststra\u00dfe oder \u00fcber den Hochstaff. Wer mag, kann gerne auch auf Reisalpe weiter gehen.&nbsp;<\/p>\r\n<p>&nbsp;<\/p>\r\n<table>\r\n<tbody>\r\n<tr>\r\n<th colspan=\"2\">\u00d6ffnungszeiten<\/th>\r\n<\/tr>\r\n<tr>\r\n<td>Montag<\/td>\r\n<td>Ruhetag<\/td>\r\n<\/tr>\r\n<tr>\r\n<td>Dienstag<\/td>\r\n<td>10:30 &#8211; 18:00<\/td>\r\n<\/tr>\r\n<tr>\r\n<td>Mittwoch<\/td>\r\n<td>10:30 &#8211; 18:00<\/td>\r\n<\/tr>\r\n<tr>\r\n<td>Donnerstag<\/td>\r\n<td>10:30 &#8211; 18:00<\/td>\r\n<\/tr>\r\n<tr>\r\n<td>Freitag<\/td>\r\n<td>Ruhetag<\/td>\r\n<\/tr>\r\n<tr>\r\n<td>Samstag<\/td>\r\n<td>10:30 &#8211; 18:00<\/td>\r\n<\/tr>\r\n<tr>\r\n<td>Sonntag<\/td>\r\n<td>10:30 &#8211; 18:00<\/td>\r\n<\/tr>\r\n<\/tbody>\r\n<\/table>\r\n<p>Wegen R\u00fccksichtnahme auf Wild und Natur ist im September die Almh\u00fctte ab 17Uhr geschlossen.<\/p>\r\n<p>Auf dein Kommen freut sich<br>Eure Holterin Margit und ihr Team&nbsp;<\/p>\r\n\r\n<p>&nbsp;<\/p>\r\n\r\n<p>&nbsp;<\/p>\r\n\r\n<p>&nbsp;<\/p>\r\n\r\n<p>&nbsp;<\/p>\r\n\r\n<p>&nbsp;<\/p>\r\n","protected":false},"excerpt":{"rendered":"<p>Wir starten heuer am 14.5.2024 mit der Bewirtung der Almh\u00fctte zu den gewohnten \u00d6ffnungszeiten. Ich und das Alm-Team freuen uns wieder auf deinen Besuch ALMABTRIEB: &#8211; am 23. September 2023 ist es wieder Zeit f\u00fcr die Almk\u00fche nach Hause zu gehen.&nbsp; Als heuriges Highlight sorgen die St. Veiter5xang f\u00fcr Unterhaltung. SAISONENDE: Die Alm ist noch &hellip; <\/p>\n<p class=\"link-more\"><a href=\"https:\/\/kleinzeller-hinteralm.at\/\" class=\"more-link\"><span class=\"screen-reader-text\">\u201eStartseite\u201c <\/span>weiterlesen<\/a><\/p>\n","protected":false},"author":1,"featured_media":0,"parent":0,"menu_order":0,"comment_status":"closed","ping_status":"closed","template":"","meta":{"ngg_post_thumbnail":0,"footnotes":""},"class_list":["post-8","page","type-page","status-publish","hentry"],"_links":{"self":[{"href":"https:\/\/kleinzeller-hinteralm.at\/index.php\/wp-json\/wp\/v2\/pages\/8","targetHints":{"allow":["GET"]}}],"collection":[{"href":"https:\/\/kleinzeller-hinteralm.at\/index.php\/wp-json\/wp\/v2\/pages"}],"about":[{"href":"https:\/\/kleinzeller-hinteralm.at\/index.php\/wp-json\/wp\/v2\/types\/page"}],"author":[{"embeddable":true,"href":"https:\/\/kleinzeller-hinteralm.at\/index.php\/wp-json\/wp\/v2\/users\/1"}],"replies":[{"embeddable":true,"href":"https:\/\/kleinzeller-hinteralm.at\/index.php\/wp-json\/wp\/v2\/comments?post=8"}],"version-history":[{"count":54,"href":"https:\/\/kleinzeller-hinteralm.at\/index.php\/wp-json\/wp\/v2\/pages\/8\/revisions"}],"predecessor-version":[{"id":522,"href":"https:\/\/kleinzeller-hinteralm.at\/index.php\/wp-json\/wp\/v2\/pages\/8\/revisions\/522"}],"wp:attachment":[{"href":"https:\/\/kleinzeller-hinteralm.at\/index.php\/wp-json\/wp\/v2\/media?parent=8"}],"curies":[{"name":"wp","href":"https:\/\/api.w.org\/{rel}","templated":true}]}}

<p>&nbsp;</p>

<h1 class="wp-block-heading"><strong>Saisonende 5.10.2025</strong></h1>
<h1><img loading="lazy" decoding="async" class="alignnone wp-image-517 size-full" src="https://kleinzeller-hinteralm.at/wp-content/uploads/2025/09/SaisonEnde_2025.jpg" alt="" width="1080" height="1139" srcset="https://kleinzeller-hinteralm.at/wp-content/uploads/2025/09/SaisonEnde_2025.jpg 1080w, https://kleinzeller-hinteralm.at/wp-content/uploads/2025/09/SaisonEnde_2025-284x300.jpg 284w, https://kleinzeller-hinteralm.at/wp-content/uploads/2025/09/SaisonEnde_2025-971x1024.jpg 971w, https://kleinzeller-hinteralm.at/wp-content/uploads/2025/09/SaisonEnde_2025-768x810.jpg 768w" sizes="auto, (max-width: 767px) 89vw, (max-width: 1000px) 54vw, (max-width: 1071px) 543px, 580px" /></h1>
<p>(die Blasmusi gibt&#8217;s natürlich nur bei Schönwetter)</p>
<hr>
<h1 class="wp-block-heading"><strong>Alm-Saisoneröffnung 2025</strong></h1>
<p>

</p>
<p>Wir starten heuer am 13.5.2024 mit der Bewirtung der Almhütte zu den gewohnten Öffnungszeiten.</p>
<p>

</p>
<p>Ich und das Alm-Team freuen uns wieder auf deinen Besuch</p>
<hr>
<h1>Saisonende 2024</h1>
<h5>Da Summa is aus<br>I muass obe ins Tal<br>Pfiatigott schöne Alma<br>Pfiatigott tausendmal&#8230;</h5>
<p>Mit diesem bekannten Liedertext geht dieses Wochenende (29.9.2024) de Almsaison auf der Kleinzeller Hinteralm zu Ende.</p>
<p>Leider müssen wir Wetterbedingt den geplanten Auftritt der Kleinzeller Musikkapelle absagen.</p>
<p>Ich möchte mich ganz herzlich für eure Besuche auf der Alm bedanken. Danke auch an alle Stammgäste, die mich immer wieder besuchen.</p>
<p>Wir sind dann Mitte Mai 2025 wieder auf der Alm.</p>
<p>Ganz liebe Grüße&nbsp;<br>Eure Hoiderinn Margit</p>
<hr>
<h1>Jakobifest 21.7.2024</h1>

<p>&nbsp;</p>

<p>&nbsp;</p>
ngg_shortcode_0_placeholder
<p>&nbsp;</p>
<hr>
<h1 class="wp-block-heading"><strong>Hollerschnapszuzler am 8.6.2024</strong></h1>
<h1><img loading="lazy" decoding="async" class="size-medium wp-image-430 aligncenter" src="https://kleinzeller-hinteralm.at/wp-content/uploads/2024/05/WhatsApp-Image-2024-05-26-at-19.14.23-300x291.jpeg" alt="" width="300" height="291" srcset="https://kleinzeller-hinteralm.at/wp-content/uploads/2024/05/WhatsApp-Image-2024-05-26-at-19.14.23-300x291.jpeg 300w, https://kleinzeller-hinteralm.at/wp-content/uploads/2024/05/WhatsApp-Image-2024-05-26-at-19.14.23-1024x992.jpeg 1024w, https://kleinzeller-hinteralm.at/wp-content/uploads/2024/05/WhatsApp-Image-2024-05-26-at-19.14.23-768x744.jpeg 768w, https://kleinzeller-hinteralm.at/wp-content/uploads/2024/05/WhatsApp-Image-2024-05-26-at-19.14.23-1536x1488.jpeg 1536w, https://kleinzeller-hinteralm.at/wp-content/uploads/2024/05/WhatsApp-Image-2024-05-26-at-19.14.23.jpeg 1600w" sizes="auto, (max-width: 300px) 100vw, 300px" /></h1>
<h1 class="wp-block-heading"><strong>Saisoneröffnung 2024</strong></h1>
<p>

</p>
<p>Wir starten heuer am 14.5.2024 mit der Bewirtung der Almhütte zu den gewohnten Öffnungszeiten.</p>
<p>

</p>
<p>Ich und das Alm-Team freuen uns wieder auf deinen Besuch</p>
<hr>
<p><mark class="has-inline-color has-vivid-cyan-blue-color" style="background-color: rgba(0, 0, 0, 0);"><b>ALMABTRIEB: &#8211; am 23. September 2023 ist es wieder Zeit für die Almkühe nach Hause zu gehen.&nbsp; Als heuriges Highlight sorgen die St. Veiter5xang für Unterhaltung.</b></mark></p>
<p><img loading="lazy" decoding="async" class="size-medium wp-image-417 aligncenter" src="https://kleinzeller-hinteralm.at/wp-content/uploads/2023/09/2023_Alm_Abdrieb-300x300.jpg" alt="" width="300" height="300" srcset="https://kleinzeller-hinteralm.at/wp-content/uploads/2023/09/2023_Alm_Abdrieb-300x300.jpg 300w, https://kleinzeller-hinteralm.at/wp-content/uploads/2023/09/2023_Alm_Abdrieb-1024x1024.jpg 1024w, https://kleinzeller-hinteralm.at/wp-content/uploads/2023/09/2023_Alm_Abdrieb-150x150.jpg 150w, https://kleinzeller-hinteralm.at/wp-content/uploads/2023/09/2023_Alm_Abdrieb-768x768.jpg 768w, https://kleinzeller-hinteralm.at/wp-content/uploads/2023/09/2023_Alm_Abdrieb-1536x1536.jpg 1536w, https://kleinzeller-hinteralm.at/wp-content/uploads/2023/09/2023_Alm_Abdrieb-100x100.jpg 100w, https://kleinzeller-hinteralm.at/wp-content/uploads/2023/09/2023_Alm_Abdrieb.jpg 2048w" sizes="auto, (max-width: 300px) 100vw, 300px" /><img loading="lazy" decoding="async" class="size-medium wp-image-418 aligncenter" src="https://kleinzeller-hinteralm.at/wp-content/uploads/2023/09/2023_alm_Jaga5xang-169x300.jpg" alt="" width="169" height="300" srcset="https://kleinzeller-hinteralm.at/wp-content/uploads/2023/09/2023_alm_Jaga5xang-169x300.jpg 169w, https://kleinzeller-hinteralm.at/wp-content/uploads/2023/09/2023_alm_Jaga5xang.jpg 377w" sizes="auto, (max-width: 169px) 100vw, 169px" /></p>
<p><mark class="has-inline-color has-vivid-cyan-blue-color" style="background-color: rgba(0, 0, 0, 0);"><b>SAISONENDE: Die Alm ist noch bis 1. Oktober geöffnet. Heuer mit der Kleinzeller Blasmusikkapelle ab 11 Uhr.&nbsp;</b></mark></p>
<p>

</p>

<p>&nbsp;</p>

<figure class="wp-block-image size-large"><img loading="lazy" decoding="async" class="size-medium wp-image-416 aligncenter" src="https://kleinzeller-hinteralm.at/wp-content/uploads/2023/09/2023_Alm_Ende-300x300.jpg" alt="" width="300" height="300" srcset="https://kleinzeller-hinteralm.at/wp-content/uploads/2023/09/2023_Alm_Ende-300x300.jpg 300w, https://kleinzeller-hinteralm.at/wp-content/uploads/2023/09/2023_Alm_Ende-1024x1024.jpg 1024w, https://kleinzeller-hinteralm.at/wp-content/uploads/2023/09/2023_Alm_Ende-150x150.jpg 150w, https://kleinzeller-hinteralm.at/wp-content/uploads/2023/09/2023_Alm_Ende-768x768.jpg 768w, https://kleinzeller-hinteralm.at/wp-content/uploads/2023/09/2023_Alm_Ende-1536x1536.jpg 1536w, https://kleinzeller-hinteralm.at/wp-content/uploads/2023/09/2023_Alm_Ende-100x100.jpg 100w, https://kleinzeller-hinteralm.at/wp-content/uploads/2023/09/2023_Alm_Ende.jpg 2048w" sizes="auto, (max-width: 300px) 100vw, 300px" /></figure>
<p><mark class="has-inline-color has-vivid-cyan-blue-color" style="background-color: rgba(0, 0, 0, 0);"><b>Zu Saisonende möchte sich die Hoiderin Margit und ihr Team bei allen Stammgästen und auch neu gewonnenen Gäste bedanken bzw. freut sich schon jetzt auf die nächste Saison bzw. auf ein Wiedersehen.</b></mark></p>
<h1 class="wp-block-heading"><strong>Saisoneröffnung 2023</strong></h1>

<p>&nbsp;</p>

<p>Wir starten heuer am 16.5.2023 mit der Bewirtung der Almhütte zu den gewohnten Öffnungszeiten.</p>

<p>&nbsp;</p>

<p>Ich und das Alm-Team freuen uns auf dein Kommen.</p>

<p>&nbsp;</p>

<p>&nbsp;</p>

<h1 style="text-align: left;"><strong>Winterpause 2022/23</strong></h1>
<p>Es ist wieder mal soweit &#8211; die Almkühe sind im Tal und die Kleinzeller Hinteralm geht ab 3.10.2022 in die Winterpause.</p>
<p>Ich freue mich schon jetzt auf die neue Saison 2023<br>Eure Holterin Margit und ihr Team&nbsp;</p>
<hr>
<p>&nbsp;</p>
<h1 style="text-align: left;"><strong>Almabtrieb 2022 auf da Kleinzeller Hinteralm</strong></h1>
<p>am 24.9.2022 ab 10 Uhr ist es wieder einmal soweit &#8211; die Almkühe kommen wieder ins Tal. Für die Unterhaltung ist gesorgt.</p>
<p>Die Almhütte ist aber noch bis 2.10.2022 geöffnet und geht dann in den Winterschlaf.&nbsp;</p>
<p style="text-align: center;">Auf euer Kommen freuen sich die Almbauern</p>
<hr>
<p>Alle, die schon mal auf der Kleinzeller Hinteralm waren, kommen wieder 🙂 Falls du die Alm noch nicht kennst &#8211; vom Ebenwaldparkplatz ist es nicht mal 1h zu Fuß über die Forststraße oder über den Hochstaff. Wer mag, kann gerne auch auf Reisalpe weiter gehen.&nbsp;</p>
<p>&nbsp;</p>
<table>
<tbody>
<tr>
<th colspan="2">Öffnungszeiten</th>
</tr>
<tr>
<td>Montag</td>
<td>Ruhetag</td>
</tr>
<tr>
<td>Dienstag</td>
<td>10:30 &#8211; 18:00</td>
</tr>
<tr>
<td>Mittwoch</td>
<td>10:30 &#8211; 18:00</td>
</tr>
<tr>
<td>Donnerstag</td>
<td>10:30 &#8211; 18:00</td>
</tr>
<tr>
<td>Freitag</td>
<td>Ruhetag</td>
</tr>
<tr>
<td>Samstag</td>
<td>10:30 &#8211; 18:00</td>
</tr>
<tr>
<td>Sonntag</td>
<td>10:30 &#8211; 18:00</td>
</tr>
</tbody>
</table>
<p>Wegen Rücksichtnahme auf Wild und Natur ist im September die Almhütte ab 17Uhr geschlossen.</p>
<p>Auf dein Kommen freut sich<br>Eure Holterin Margit und ihr Team&nbsp;</p>

<p>&nbsp;</p>

<p>&nbsp;</p>

<p>&nbsp;</p>

<p>&nbsp;</p>

<p>&nbsp;</p>

<p>Wir starten heuer am 14.5.2024 mit der Bewirtung der Almhütte zu den gewohnten Öffnungszeiten. Ich und das Alm-Team freuen uns wieder auf deinen Besuch ALMABTRIEB: &#8211; am 23. September 2023 ist es wieder Zeit für die Almkühe nach Hause zu gehen.&nbsp; Als heuriges Highlight sorgen die St. Veiter5xang für Unterhaltung. SAISONENDE: Die Alm ist noch &hellip; </p>
<p class="link-more"><a href="https://kleinzeller-hinteralm.at/" class="more-link"><span class="screen-reader-text">„Startseite“ </span>weiterlesen</a></p>
